{"id":645,"date":"2018-03-06T11:18:34","date_gmt":"2018-03-06T10:18:34","guid":{"rendered":"http:\/\/www.altisfain.com\/?post_type=product&#038;p=645"},"modified":"2018-06-12T18:18:48","modified_gmt":"2018-06-12T16:18:48","slug":"collier-inox-les-peches-capitaux-lenvie-aventurine","status":"publish","type":"product","link":"https:\/\/www.altisfain.com\/en\/boutique\/peches-capitaux\/collier-inox-les-peches-capitaux-lenvie-aventurine\/","title":{"rendered":"Collier inox &#8220;Les P\u00e9ch\u00e9s Capitaux: l&#8217;Envie&#8221; Aventurine"},"content":{"rendered":"<p style=\"text-align: center;\">&#8220;J&#8217;imagine que ce qui est vraiment tragique pour les pauvres, c&#8217;est de ne rien pouvoir s&#8217;offrir que de l&#8217;abn\u00e9gation. Les beaux p\u00e9ch\u00e9s comme les beaux objets sont le privil\u00e8ge des riches.&#8221;<br \/>\nOscar Wilde.<\/p>\n<p style=\"text-align: center;\">Dans la religion catholique, les p\u00e9ch\u00e9s capitaux correspondent aux p\u00e9ch\u00e9s dont d\u00e9coulent tous les autres. Ainsi, le mot capital n&#8217;est pas en rapport avec la gravit\u00e9 (par exemple, le meurtre n\u2019y figure pas ; le blasph\u00e8me non plus). Il vient du latin caput (\u00ab t\u00eate \u00bb), par comparaison \u00e0 cette partie du corps qui dirige l\u2019ensemble : le p\u00e9ch\u00e9 capital conduit \u00e0 d\u2019autres p\u00e9ch\u00e9s.<br \/>\n&#8220;L&#8217;Envie&#8221; est l&#8217;un d&#8217;entre eux.<\/p>\n<p style=\"text-align: center;\"><b>Collier inox articul\u00e9, jeu d&#8217;entrelacs sur onze fils inox, soud\u00e9s argent et martel\u00e9s main.<br \/>\nCabochon pierre Aventurine vert amande forme ovale mont\u00e9 sur un serti griffe.<br \/>\nLa couleur vert du cabochon symbolise l&#8217;Envie.<br \/>\nAttache pendentif et cha\u00eenette de rallonge termin\u00e9e par un entrelacs inox, permettant de jouer sur la longueur du collier.<br \/>\nDimension du cabochon: 1,3 cm par 1,8 cm.<\/b><\/p>\n<p style=\"text-align: center;\"><b>Collier elfique et mystique!!<\/b><\/p>\n","protected":false},"excerpt":{"rendered":"<p style=\"text-align: center;\"><strong>Collier inox articul\u00e9 entrelacs et serti Aventurine vert tendre, inspir\u00e9 des couleurs des P\u00e9ch\u00e9s Capitaux au Moyen \u00c2ge. Ambiance elfique et mystique.<\/strong><\/p>\n<p>&nbsp;<\/p>\n","protected":false},"featured_media":646,"comment_status":"open","ping_status":"closed","template":"","meta":[],"product_brand":[],"product_cat":[23],"product_tag":[31],"class_list":{"0":"post-645","1":"product","2":"type-product","3":"status-publish","4":"has-post-thumbnail","6":"product_cat-peches-capitaux","7":"product_tag-collier","8":"pa_ambiance-baroque","9":"pa_ambiance-elfique","10":"pa_ambiance-feerique","11":"pa_ambiance-victorien","12":"pa_matiere-inox","13":"pa_ornement-aventurine","14":"pa_ornement-pierre-semi","16":"first","17":"instock","18":"featured","19":"sold-individually","20":"shipping-taxable","21":"purchasable","22":"product-type-simple"},"translation":{"provider":"WPGlobus","version":"3.0.2","language":"en","enabled_languages":["fr","en"],"languages":{"fr":{"title":true,"content":true,"excerpt":true},"en":{"title":false,"content":false,"excerpt":false}}},"jetpack-related-posts":[],"jetpack_sharing_enabled":true,"_links":{"self":[{"href":"https:\/\/www.altisfain.com\/en\/wp-json\/wp\/v2\/product\/645","targetHints":{"allow":["GET"]}}],"collection":[{"href":"https:\/\/www.altisfain.com\/en\/wp-json\/wp\/v2\/product"}],"about":[{"href":"https:\/\/www.altisfain.com\/en\/wp-json\/wp\/v2\/types\/product"}],"replies":[{"embeddable":true,"href":"https:\/\/www.altisfain.com\/en\/wp-json\/wp\/v2\/comments?post=645"}],"wp:featuredmedia":[{"embeddable":true,"href":"https:\/\/www.altisfain.com\/en\/wp-json\/wp\/v2\/media\/646"}],"wp:attachment":[{"href":"https:\/\/www.altisfain.com\/en\/wp-json\/wp\/v2\/media?parent=645"}],"wp:term":[{"taxonomy":"product_brand","embeddable":true,"href":"https:\/\/www.altisfain.com\/en\/wp-json\/wp\/v2\/product_brand?post=645"},{"taxonomy":"product_cat","embeddable":true,"href":"https:\/\/www.altisfain.com\/en\/wp-json\/wp\/v2\/product_cat?post=645"},{"taxonomy":"product_tag","embeddable":true,"href":"https:\/\/www.altisfain.com\/en\/wp-json\/wp\/v2\/product_tag?post=645"}],"curies":[{"name":"wp","href":"https:\/\/api.w.org\/{rel}","templated":true}]}}

Collier inox &#8220;Les Péchés Capitaux: l&#8217;Envie&#8221; Aventurine

<p style="text-align: center;">&#8220;J&#8217;imagine que ce qui est vraiment tragique pour les pauvres, c&#8217;est de ne rien pouvoir s&#8217;offrir que de l&#8217;abnégation. Les beaux péchés comme les beaux objets sont le privilège des riches.&#8221;<br />
Oscar Wilde.</p>
<p style="text-align: center;">Dans la religion catholique, les péchés capitaux correspondent aux péchés dont découlent tous les autres. Ainsi, le mot capital n&#8217;est pas en rapport avec la gravité (par exemple, le meurtre n’y figure pas ; le blasphème non plus). Il vient du latin caput (« tête »), par comparaison à cette partie du corps qui dirige l’ensemble : le péché capital conduit à d’autres péchés.<br />
&#8220;L&#8217;Envie&#8221; est l&#8217;un d&#8217;entre eux.</p>
<p style="text-align: center;"><b>Collier inox articulé, jeu d&#8217;entrelacs sur onze fils inox, soudés argent et martelés main.<br />
Cabochon pierre Aventurine vert amande forme ovale monté sur un serti griffe.<br />
La couleur vert du cabochon symbolise l&#8217;Envie.<br />
Attache pendentif et chaînette de rallonge terminée par un entrelacs inox, permettant de jouer sur la longueur du collier.<br />
Dimension du cabochon: 1,3 cm par 1,8 cm.</b></p>
<p style="text-align: center;"><b>Collier elfique et mystique!!</b></p>

<p style="text-align: center;"><strong>Collier inox articulé entrelacs et serti Aventurine vert tendre, inspiré des couleurs des Péchés Capitaux au Moyen Âge. Ambiance elfique et mystique.</strong></p>
<p>&nbsp;</p>
