{"id":627,"date":"2018-03-06T10:25:52","date_gmt":"2018-03-06T09:25:52","guid":{"rendered":"http:\/\/www.altisfain.com\/?post_type=product&#038;p=627"},"modified":"2018-04-17T18:11:32","modified_gmt":"2018-04-17T16:11:32","slug":"bracelet-inox-les-peches-capitaux-la-gourmandise-cornaline","status":"publish","type":"product","link":"https:\/\/www.altisfain.com\/en\/boutique\/peches-capitaux\/bracelet-inox-les-peches-capitaux-la-gourmandise-cornaline\/","title":{"rendered":"Bracelet inox &#8220;Les P\u00e9ch\u00e9s Capitaux: la Gourmandise&#8221; Cornaline"},"content":{"rendered":"<p style=\"text-align: center;\">&#8220;J&#8217;imagine que ce qui est vraiment tragique pour les pauvres, c&#8217;est de ne rien pouvoir s&#8217;offrir que de l&#8217;abn\u00e9gation. Les beaux p\u00e9ch\u00e9s comme les beaux objets sont le privil\u00e8ge des riches.&#8221;<br \/>\nOscar Wilde.<\/p>\n<p style=\"text-align: center;\">Dans la religion catholique, les p\u00e9ch\u00e9s capitaux correspondent aux p\u00e9ch\u00e9s dont d\u00e9coulent tous les autres. Ainsi, le mot capital n&#8217;est pas en rapport avec la gravit\u00e9 (par exemple, le meurtre n\u2019y figure pas ; le blasph\u00e8me non plus). Il vient du latin caput (\u00ab t\u00eate \u00bb), par comparaison \u00e0 cette partie du corps qui dirige l\u2019ensemble : le p\u00e9ch\u00e9 capital conduit \u00e0 d\u2019autres p\u00e9ch\u00e9s.<br \/>\n&#8220;La Gourmandise&#8221; est l&#8217;un d&#8217;entre eux.<\/p>\n<p style=\"text-align: center;\"><b>Bracelet esclave inox fils, entrelacs soud\u00e9s argent, martel\u00e9s.<br \/>\nM\u00e9tal mall\u00e9able qui permet de serrer et desserrer les bras du bracelet pour s&#8217;adapter au poignet.<br \/>\nUne pierre de Cornaline rouge orang\u00e9e cabochon ovale en serti griffe se trouve au centre des volutes.<br \/>\nLa couleur orange du cabochon symbolise la Gourmandise selon la hi\u00e9rarchie m\u00e9di\u00e9vale.<br \/>\nDimension du cabochon: 18mm par 13mm.<br \/>\nBracelet pour poignet de 14 \u00e0 16 cm.<br \/>\nLargueur du bracelet: 3,9 cm maximum sur le dessus du poignet.<br \/>\n<\/b><\/p>\n<p style=\"text-align: center;\"><strong>Pi\u00e8ce unique!<\/strong><\/p>\n","protected":false},"excerpt":{"rendered":"<p style=\"text-align: center;\"><strong>Bracelet\u00a0 inox type esclave entrelacs et serti Cornaline orange fonc\u00e9, inspir\u00e9 des couleurs des P\u00e9ch\u00e9s Capitaux au Moyen \u00c2ge. Ambiance elfique et mystique.<\/strong><\/p>\n<p>&nbsp;<\/p>\n","protected":false},"featured_media":629,"comment_status":"open","ping_status":"closed","template":"","meta":[],"product_brand":[],"product_cat":[23],"product_tag":[33],"class_list":{"0":"post-627","1":"product","2":"type-product","3":"status-publish","4":"has-post-thumbnail","6":"product_cat-peches-capitaux","7":"product_tag-bracelet","8":"pa_ambiance-baroque","9":"pa_ambiance-elfique","10":"pa_ambiance-feerique","11":"pa_ambiance-victorien","12":"pa_matiere-inox","13":"pa_ornement-cornaline","14":"pa_ornement-pierre-semi","16":"first","17":"instock","18":"featured","19":"sold-individually","20":"shipping-taxable","21":"purchasable","22":"product-type-simple"},"translation":{"provider":"WPGlobus","version":"3.0.2","language":"en","enabled_languages":["fr","en"],"languages":{"fr":{"title":true,"content":true,"excerpt":true},"en":{"title":false,"content":false,"excerpt":false}}},"jetpack-related-posts":[],"jetpack_sharing_enabled":true,"_links":{"self":[{"href":"https:\/\/www.altisfain.com\/en\/wp-json\/wp\/v2\/product\/627","targetHints":{"allow":["GET"]}}],"collection":[{"href":"https:\/\/www.altisfain.com\/en\/wp-json\/wp\/v2\/product"}],"about":[{"href":"https:\/\/www.altisfain.com\/en\/wp-json\/wp\/v2\/types\/product"}],"replies":[{"embeddable":true,"href":"https:\/\/www.altisfain.com\/en\/wp-json\/wp\/v2\/comments?post=627"}],"wp:featuredmedia":[{"embeddable":true,"href":"https:\/\/www.altisfain.com\/en\/wp-json\/wp\/v2\/media\/629"}],"wp:attachment":[{"href":"https:\/\/www.altisfain.com\/en\/wp-json\/wp\/v2\/media?parent=627"}],"wp:term":[{"taxonomy":"product_brand","embeddable":true,"href":"https:\/\/www.altisfain.com\/en\/wp-json\/wp\/v2\/product_brand?post=627"},{"taxonomy":"product_cat","embeddable":true,"href":"https:\/\/www.altisfain.com\/en\/wp-json\/wp\/v2\/product_cat?post=627"},{"taxonomy":"product_tag","embeddable":true,"href":"https:\/\/www.altisfain.com\/en\/wp-json\/wp\/v2\/product_tag?post=627"}],"curies":[{"name":"wp","href":"https:\/\/api.w.org\/{rel}","templated":true}]}}

Bracelet inox &#8220;Les Péchés Capitaux: la Gourmandise&#8221; Cornaline

<p style="text-align: center;">&#8220;J&#8217;imagine que ce qui est vraiment tragique pour les pauvres, c&#8217;est de ne rien pouvoir s&#8217;offrir que de l&#8217;abnégation. Les beaux péchés comme les beaux objets sont le privilège des riches.&#8221;<br />
Oscar Wilde.</p>
<p style="text-align: center;">Dans la religion catholique, les péchés capitaux correspondent aux péchés dont découlent tous les autres. Ainsi, le mot capital n&#8217;est pas en rapport avec la gravité (par exemple, le meurtre n’y figure pas ; le blasphème non plus). Il vient du latin caput (« tête »), par comparaison à cette partie du corps qui dirige l’ensemble : le péché capital conduit à d’autres péchés.<br />
&#8220;La Gourmandise&#8221; est l&#8217;un d&#8217;entre eux.</p>
<p style="text-align: center;"><b>Bracelet esclave inox fils, entrelacs soudés argent, martelés.<br />
Métal malléable qui permet de serrer et desserrer les bras du bracelet pour s&#8217;adapter au poignet.<br />
Une pierre de Cornaline rouge orangée cabochon ovale en serti griffe se trouve au centre des volutes.<br />
La couleur orange du cabochon symbolise la Gourmandise selon la hiérarchie médiévale.<br />
Dimension du cabochon: 18mm par 13mm.<br />
Bracelet pour poignet de 14 à 16 cm.<br />
Largueur du bracelet: 3,9 cm maximum sur le dessus du poignet.<br />
</b></p>
<p style="text-align: center;"><strong>Pièce unique!</strong></p>

<p style="text-align: center;"><strong>Bracelet  inox type esclave entrelacs et serti Cornaline orange foncé, inspiré des couleurs des Péchés Capitaux au Moyen Âge. Ambiance elfique et mystique.</strong></p>
<p>&nbsp;</p>
