{"id":5402,"date":"2023-03-31T15:04:09","date_gmt":"2023-03-31T13:04:09","guid":{"rendered":"https:\/\/www.altisfain.com\/?post_type=product&#038;p=5402"},"modified":"2024-10-23T23:56:43","modified_gmt":"2024-10-23T21:56:43","slug":"commande-severinebague-inox-oeil-de-sainte-lucie-oeil-de-shiva","status":"publish","type":"product","link":"https:\/\/www.altisfain.com\/en\/boutique\/confins-monde\/commande-severinebague-inox-oeil-de-sainte-lucie-oeil-de-shiva\/","title":{"rendered":"Commande S\u00e9verine**Bague inox \u0152il de Sainte Lucie\/Oeil de Shiva"},"content":{"rendered":"<p style=\"text-align: center; padding-left: 40px;\">Commande pour S\u00e9verine !<\/p>\n<p>Une bague taille 65, en inox serti d&#8217;un magnifique \u0152il de Sainte Lucie\/ Oeil de Shiva. Le coquillage lui appartenait, on a d\u00e9fini ensemble les lignes, le style, l&#8217;\u00e9nergie, et voil\u00e0 !<\/p>\n<p style=\"text-align: left; padding-left: 40px;\">Un grand merci \u00e0 S\u00e9verine pour sa confiance et ce beau cadeau de sertir une telle d\u00e9licatesse de la Nature.<\/p>\n<p>&nbsp;<\/p>\n","protected":false},"excerpt":{"rendered":"<p style=\"text-align: center;\"><strong>Bague inox et serti \u0152il de Shiva, , esprit futuriste.<br \/>\n<\/strong><\/p>\n","protected":false},"featured_media":5403,"comment_status":"open","ping_status":"closed","template":"","meta":[],"product_brand":[],"product_cat":[17,222],"product_tag":[31,36],"class_list":{"0":"post-5402","1":"product","2":"type-product","3":"status-publish","4":"has-post-thumbnail","6":"product_cat-confins-monde","7":"product_cat-les-adoptes","8":"product_tag-collier","9":"product_tag-torque","10":"pa_ambiance-baroque","11":"pa_ambiance-elfique","12":"pa_ambiance-feerique","13":"pa_ambiance-futuriste","14":"pa_ambiance-gothique","15":"pa_ambiance-historique","16":"pa_ambiance-victorien","17":"pa_matiere-inox","18":"pa_ornement-oeil-de-sainte-lucie","19":"pa_ornement-oeil-de-shiva","20":"pa_ornement-pierre-semi","22":"first","23":"outofstock","24":"featured","25":"sold-individually","26":"shipping-taxable","27":"purchasable","28":"product-type-simple"},"translation":{"provider":"WPGlobus","version":"3.0.2","language":"en","enabled_languages":["fr","en"],"languages":{"fr":{"title":true,"content":true,"excerpt":true},"en":{"title":false,"content":false,"excerpt":false}}},"jetpack-related-posts":[],"jetpack_sharing_enabled":true,"_links":{"self":[{"href":"https:\/\/www.altisfain.com\/en\/wp-json\/wp\/v2\/product\/5402","targetHints":{"allow":["GET"]}}],"collection":[{"href":"https:\/\/www.altisfain.com\/en\/wp-json\/wp\/v2\/product"}],"about":[{"href":"https:\/\/www.altisfain.com\/en\/wp-json\/wp\/v2\/types\/product"}],"replies":[{"embeddable":true,"href":"https:\/\/www.altisfain.com\/en\/wp-json\/wp\/v2\/comments?post=5402"}],"wp:featuredmedia":[{"embeddable":true,"href":"https:\/\/www.altisfain.com\/en\/wp-json\/wp\/v2\/media\/5403"}],"wp:attachment":[{"href":"https:\/\/www.altisfain.com\/en\/wp-json\/wp\/v2\/media?parent=5402"}],"wp:term":[{"taxonomy":"product_brand","embeddable":true,"href":"https:\/\/www.altisfain.com\/en\/wp-json\/wp\/v2\/product_brand?post=5402"},{"taxonomy":"product_cat","embeddable":true,"href":"https:\/\/www.altisfain.com\/en\/wp-json\/wp\/v2\/product_cat?post=5402"},{"taxonomy":"product_tag","embeddable":true,"href":"https:\/\/www.altisfain.com\/en\/wp-json\/wp\/v2\/product_tag?post=5402"}],"curies":[{"name":"wp","href":"https:\/\/api.w.org\/{rel}","templated":true}]}}

Commande Séverine**Bague inox Œil de Sainte Lucie/Oeil de Shiva

<p style="text-align: center; padding-left: 40px;">Commande pour Séverine !</p>
<p>Une bague taille 65, en inox serti d&#8217;un magnifique Œil de Sainte Lucie/ Oeil de Shiva. Le coquillage lui appartenait, on a défini ensemble les lignes, le style, l&#8217;énergie, et voilà !</p>
<p style="text-align: left; padding-left: 40px;">Un grand merci à Séverine pour sa confiance et ce beau cadeau de sertir une telle délicatesse de la Nature.</p>
<p>&nbsp;</p>

<p style="text-align: center;"><strong>Bague inox et serti Œil de Shiva, , esprit futuriste.<br />
</strong></p>
