{"id":4691,"date":"2022-02-20T11:54:25","date_gmt":"2022-02-20T10:54:25","guid":{"rendered":"https:\/\/www.altisfain.com\/?post_type=product&#038;p=4691"},"modified":"2024-10-20T21:54:06","modified_gmt":"2024-10-20T19:54:06","slug":"collier-inox-les-passages-celestes-les-reflets-de-selene-labradorite","status":"publish","type":"product","link":"https:\/\/www.altisfain.com\/en\/boutique\/les-adoptes\/collier-inox-les-passages-celestes-les-reflets-de-selene-labradorite\/","title":{"rendered":"Collier inox &#8220;les Passages C\u00e9lestes: les Reflets de S\u00e9l\u00e9n\u00e9&#8221; Labradorite"},"content":{"rendered":"<p style=\"text-align: left; padding-left: 30px;\"><strong>\u201cSi la vie n&#8217;est qu&#8217;un passage, sur ce passage au moins semons des fleurs.\u201d<\/strong><br \/>\n<strong>Montaigne<\/strong><\/p>\n<p style=\"text-align: center;\"><strong>\u00ab Les Passages C\u00e9lestes \u00bb est une collection inspir\u00e9e des diff\u00e9rents portes conduisant \u00e0 des univers oniriques mais aussi personnels, des voies qui m\u00e8nent \u00e0 la pleine conscience de soi et du monde. Ces passerelles nous transportent vers des havres supr\u00eames, des finalit\u00e9s plus hautes, des buts ultimes. Ils touchent l&#8217;Histoire, la Spiritualit\u00e9, le Fantastique. Empruntons ces passages et nous entrons dans des contr\u00e9es intimes et fantaisistes.<\/strong><\/p>\n<p style=\"text-align: center; padding-left: 30px;\"><strong>\u00a0 \u00a0 <\/strong><strong>\u00a0<\/strong><strong>\u00a0<\/strong><strong>\u00a0<\/strong><strong>\u00a0Chez les Romains, la d\u00e9esse porte le nom de Luna. Une fontaine du P\u00e9loponn\u00e8se, surnomm\u00e9e \u00ab la fontaine de la Lune \u00bb adopte le nom de S\u00e9l\u00e9n\u00e9 et lui est consacr\u00e9e. Elle fournit en eaux le temple d\u2019Ino, c\u00e9l\u00e8bre pour ses oracles.\u00a0<\/strong><strong>Son nom s\u2019emploie aussi pour d\u00e9signer les habitants suppos\u00e9s de la Lune, les S\u00e9l\u00e9niens. Les s\u00e9l\u00e8nes sont, eux, des g\u00e2teaux en forme de demi-lune qui servent d\u2019offrande pour la d\u00e9esse. La s\u00e9l\u00e9nographie correspond \u00e0 l\u2019\u00e9tude de la surface de la Lune et l\u2019adjectif \u00ab s\u00e9l\u00e9nographique \u00bb se rapporte \u00e0 sa description. Quant \u00e0 la s\u00e9l\u00e9nite, il s\u2019agit d\u2019une pierre qui cro\u00eet et d\u00e9cro\u00eet selon les phases lunaires.<\/strong><\/p>\n<p style=\"text-align: center;\">\u00a0 Collier inox ambiance elfique, tour de cou articul\u00e9 et pendentif serti Labradorite. Cabochon de tr\u00e8s belle qualit\u00e9 forme goutte, teintes bleues argent\u00e9es tr\u00e8s intenses, avec quelques touches de dor\u00e9. Tour de cou articul\u00e9 avec fils qui serpentent, de 40 \u00e0 45 cm de long, avec chainette de rallonge termin\u00e9 par un entrelacs, afin de jouer sur la longueur du collier. Dimension du pendentif: 7 cm par 4 cm. Dimension du cabochon: 4,4 cm par 2,4 cm.<\/p>\n<p style=\"text-align: center;\">Pendentif infiniment elfique et mystique!!<\/p>\n<hr \/>\n<p style=\"text-align: center;\">&#8220;If life is only a passage, on this passage at least sow flowers.&#8221;<br \/>\nMontaigne<\/p>\n<p style=\"text-align: center;\">&#8220;The heavenly passages&#8221; is a collection inspired by the different doors leading to dreamlike but also personal worlds, paths that lead to the full awareness of oneself and the world. These bridges carry us to supreme havens, higher ends, ultimate goals. They touch History, Spirituality, Fantasy. Let&#8217;s take these passages and we enter intimate and fanciful countries.<\/p>\n<p style=\"text-align: center;\"><span class=\"VIiyi\" lang=\"en\"><span class=\"JLqJ4b\" data-language-for-alternatives=\"en\" data-language-to-translate-into=\"fr\" data-phrase-index=\"0\">\u00a0 \u00a0<\/span><\/span>\u00a0 Among the Romans, the goddess is called Luna. A fountain in the Peloponnese, nicknamed &#8220;the Fountain of the Moon&#8221; adopts Selene&#8217;s name and is dedicated to her. It supplies water to the temple of Ino, famous for its oracles.<\/p>\n<p style=\"text-align: center;\">\u00a0His name is also used to designate the supposed inhabitants of the Moon, the Moonkin. Lunas are half-moon shaped cakes that serve as an offering for the goddess. Selenography corresponds to the study of the surface of the Moon and the adjective &#8220;selenographic&#8221; relates to its description. As for selenite, it is a stone that waxes and wanes according to the<\/p>\n<p style=\"text-align: center;\"><strong><span class=\"VIiyi\" lang=\"en\"><span class=\"JLqJ4b\" data-language-for-alternatives=\"en\" data-language-to-translate-into=\"fr\" data-phrase-index=\"0\">Elven-inspired stainless steel necklace, articulated choker and pendant set with Labradorite.\u00a0<\/span><\/span><\/strong><strong><span class=\"VIiyi\" lang=\"en\"><span class=\"JLqJ4b\" data-language-for-alternatives=\"en\" data-language-to-translate-into=\"fr\" data-phrase-index=\"0\">Cabochon of very good quality oval shape, very intense silver blue hues, with touche of golden points.\u00a0<\/span><\/span><\/strong><strong><span class=\"VIiyi\" lang=\"en\"><span class=\"JLqJ4b\" data-language-for-alternatives=\"en\" data-language-to-translate-into=\"fr\" data-phrase-index=\"0\">Articulated choker with meandering threads, 40 to 45 cm long, with extension chain ending in interlacing, in order to play on the length of the necklace. Dimension of the pendant: 7 cm by 4 cm. Dimension of the cabochon: 4.4 cm by 2.4 cm.<\/span><\/span><\/strong><\/p>\n<p><strong>Pendant infinitely Elvish and mystical !!<\/strong><\/p>\n","protected":false},"excerpt":{"rendered":"<p style=\"text-align: center;\"><strong>Collier pendentif esprit elfique et celtique, serti Labradorite. <\/strong><\/p>\n<p style=\"text-align: center;\"><strong>Infiniment mystique et onirique!<\/strong><\/p>\n<hr \/>\n<p style=\"text-align: center;\"><span class=\"tlid-translation translation\" lang=\"en\"><strong><span class=\"\" title=\"\">Elven and Celtic spirit pendant necklace, set with Labradorite.<\/span><\/strong><\/span><\/p>\n<p style=\"text-align: center;\"><strong><span title=\"\">Infinitely mystical and dreamlike!<\/span><\/strong><\/p>\n","protected":false},"featured_media":4692,"comment_status":"open","ping_status":"closed","template":"","meta":[],"product_brand":[],"product_cat":[222],"product_tag":[31,131],"class_list":{"0":"post-4691","1":"product","2":"type-product","3":"status-publish","4":"has-post-thumbnail","6":"product_cat-les-adoptes","7":"product_tag-collier","8":"product_tag-pendentif","9":"pa_ambiance-baroque","10":"pa_ambiance-celtique","11":"pa_ambiance-elfique","12":"pa_ambiance-feerique","13":"pa_ambiance-mystique","14":"pa_ambiance-victorien","15":"pa_matiere-inox","16":"pa_ornement-labradorite","17":"pa_ornement-labradorite-argentee","18":"pa_ornement-labradorite-bleue","19":"pa_ornement-labradorite-doree","20":"pa_ornement-labradorite-grise","21":"pa_ornement-pierre-semi","23":"first","24":"outofstock","25":"featured","26":"shipping-taxable","27":"purchasable","28":"product-type-simple"},"translation":{"provider":"WPGlobus","version":"3.0.2","language":"en","enabled_languages":["fr","en"],"languages":{"fr":{"title":true,"content":true,"excerpt":true},"en":{"title":false,"content":false,"excerpt":false}}},"jetpack-related-posts":[],"jetpack_sharing_enabled":true,"_links":{"self":[{"href":"https:\/\/www.altisfain.com\/en\/wp-json\/wp\/v2\/product\/4691","targetHints":{"allow":["GET"]}}],"collection":[{"href":"https:\/\/www.altisfain.com\/en\/wp-json\/wp\/v2\/product"}],"about":[{"href":"https:\/\/www.altisfain.com\/en\/wp-json\/wp\/v2\/types\/product"}],"replies":[{"embeddable":true,"href":"https:\/\/www.altisfain.com\/en\/wp-json\/wp\/v2\/comments?post=4691"}],"wp:featuredmedia":[{"embeddable":true,"href":"https:\/\/www.altisfain.com\/en\/wp-json\/wp\/v2\/media\/4692"}],"wp:attachment":[{"href":"https:\/\/www.altisfain.com\/en\/wp-json\/wp\/v2\/media?parent=4691"}],"wp:term":[{"taxonomy":"product_brand","embeddable":true,"href":"https:\/\/www.altisfain.com\/en\/wp-json\/wp\/v2\/product_brand?post=4691"},{"taxonomy":"product_cat","embeddable":true,"href":"https:\/\/www.altisfain.com\/en\/wp-json\/wp\/v2\/product_cat?post=4691"},{"taxonomy":"product_tag","embeddable":true,"href":"https:\/\/www.altisfain.com\/en\/wp-json\/wp\/v2\/product_tag?post=4691"}],"curies":[{"name":"wp","href":"https:\/\/api.w.org\/{rel}","templated":true}]}}

Collier inox &#8220;les Passages Célestes: les Reflets de Séléné&#8221; Labradorite

<p style="text-align: left; padding-left: 30px;"><strong>“Si la vie n&#8217;est qu&#8217;un passage, sur ce passage au moins semons des fleurs.”</strong><br />
<strong>Montaigne</strong></p>
<p style="text-align: center;"><strong>« Les Passages Célestes » est une collection inspirée des différents portes conduisant à des univers oniriques mais aussi personnels, des voies qui mènent à la pleine conscience de soi et du monde. Ces passerelles nous transportent vers des havres suprêmes, des finalités plus hautes, des buts ultimes. Ils touchent l&#8217;Histoire, la Spiritualité, le Fantastique. Empruntons ces passages et nous entrons dans des contrées intimes et fantaisistes.</strong></p>
<p style="text-align: center; padding-left: 30px;"><strong>    </strong><strong> </strong><strong> </strong><strong> </strong><strong> Chez les Romains, la déesse porte le nom de Luna. Une fontaine du Péloponnèse, surnommée « la fontaine de la Lune » adopte le nom de Séléné et lui est consacrée. Elle fournit en eaux le temple d’Ino, célèbre pour ses oracles. </strong><strong>Son nom s’emploie aussi pour désigner les habitants supposés de la Lune, les Séléniens. Les sélènes sont, eux, des gâteaux en forme de demi-lune qui servent d’offrande pour la déesse. La sélénographie correspond à l’étude de la surface de la Lune et l’adjectif « sélénographique » se rapporte à sa description. Quant à la sélénite, il s’agit d’une pierre qui croît et décroît selon les phases lunaires.</strong></p>
<p style="text-align: center;">  Collier inox ambiance elfique, tour de cou articulé et pendentif serti Labradorite. Cabochon de très belle qualité forme goutte, teintes bleues argentées très intenses, avec quelques touches de doré. Tour de cou articulé avec fils qui serpentent, de 40 à 45 cm de long, avec chainette de rallonge terminé par un entrelacs, afin de jouer sur la longueur du collier. Dimension du pendentif: 7 cm par 4 cm. Dimension du cabochon: 4,4 cm par 2,4 cm.</p>
<p style="text-align: center;">Pendentif infiniment elfique et mystique!!</p>
<hr />
<p style="text-align: center;">&#8220;If life is only a passage, on this passage at least sow flowers.&#8221;<br />
Montaigne</p>
<p style="text-align: center;">&#8220;The heavenly passages&#8221; is a collection inspired by the different doors leading to dreamlike but also personal worlds, paths that lead to the full awareness of oneself and the world. These bridges carry us to supreme havens, higher ends, ultimate goals. They touch History, Spirituality, Fantasy. Let&#8217;s take these passages and we enter intimate and fanciful countries.</p>
<p style="text-align: center;"><span class="VIiyi" lang="en"><span class="JLqJ4b" data-language-for-alternatives="en" data-language-to-translate-into="fr" data-phrase-index="0">   </span></span>  Among the Romans, the goddess is called Luna. A fountain in the Peloponnese, nicknamed &#8220;the Fountain of the Moon&#8221; adopts Selene&#8217;s name and is dedicated to her. It supplies water to the temple of Ino, famous for its oracles.</p>
<p style="text-align: center;"> His name is also used to designate the supposed inhabitants of the Moon, the Moonkin. Lunas are half-moon shaped cakes that serve as an offering for the goddess. Selenography corresponds to the study of the surface of the Moon and the adjective &#8220;selenographic&#8221; relates to its description. As for selenite, it is a stone that waxes and wanes according to the</p>
<p style="text-align: center;"><strong><span class="VIiyi" lang="en"><span class="JLqJ4b" data-language-for-alternatives="en" data-language-to-translate-into="fr" data-phrase-index="0">Elven-inspired stainless steel necklace, articulated choker and pendant set with Labradorite. </span></span></strong><strong><span class="VIiyi" lang="en"><span class="JLqJ4b" data-language-for-alternatives="en" data-language-to-translate-into="fr" data-phrase-index="0">Cabochon of very good quality oval shape, very intense silver blue hues, with touche of golden points. </span></span></strong><strong><span class="VIiyi" lang="en"><span class="JLqJ4b" data-language-for-alternatives="en" data-language-to-translate-into="fr" data-phrase-index="0">Articulated choker with meandering threads, 40 to 45 cm long, with extension chain ending in interlacing, in order to play on the length of the necklace. Dimension of the pendant: 7 cm by 4 cm. Dimension of the cabochon: 4.4 cm by 2.4 cm.</span></span></strong></p>
<p><strong>Pendant infinitely Elvish and mystical !!</strong></p>
