{"id":1995,"date":"2019-01-30T18:29:49","date_gmt":"2019-01-30T17:29:49","guid":{"rendered":"http:\/\/www.altisfain.com\/?post_type=product&#038;p=1995"},"modified":"2020-05-12T09:58:20","modified_gmt":"2020-05-12T07:58:20","slug":"boucles-doreilles-inox-arcane-le-chariot-2","status":"publish","type":"product","link":"https:\/\/www.altisfain.com\/en\/boutique\/arcane\/boucles-doreilles-inox-arcane-le-chariot-2\/","title":{"rendered":"Boucles d&#8217;oreilles inox &#8220;Arcane: Le Chariot &#8220;"},"content":{"rendered":"<p style=\"text-align: center\">&#8220;Chaque chose est une apparence. Et derri\u00e8re chaque apparence se cachent ses arcanes: son essence r\u00e9elle, sa v\u00e9rit\u00e9. La d\u00e9couvrir c&#8217;est la connaissance du monde. Le pouvoir.&#8221;<br \/>\nMaxime Chattam.<\/p>\n<p style=\"text-align: center\">\u00ab Je suis le Chariot, je suis plein, plein de force. Rien n\u2019est gaspill\u00e9: enracin\u00e9 dans la plan\u00e8te, amant de toutes les \u00e9nergies, c\u2019est avec elle que je me meus<br \/>\nJe suis la source de tous les guerriers, des champions, des h\u00e9ros, de toute endurance et de tout courage.<br \/>\nJe suis la force d\u2019action pr\u00e9sente en chaque \u00eatre vivant, le triomphe de la nature. \u00bb<\/p>\n<p style=\"text-align: center\"><strong><b>Boucles d&#8217;oreilles inox, soud\u00e9es argent en 5 points, attaches am\u00e9ricaine argent 925.<br \/>\nJeu d&#8217;entrelacs martel\u00e9es et polies.<br \/>\nLongueur de boucles: 8 cm<br \/>\nLargeur: 3 cm.<\/b><\/strong><\/p>\n<p style=\"text-align: center\"><strong>Boucles d&#8217;oreilles infiniment elfiques!!<\/strong><\/p>\n","protected":false},"excerpt":{"rendered":"<p style=\"text-align: center\"><strong>Boucles d&#8217;oreilles inox entrelacs, attaches argent 925, esprit mystique et elfique.<\/strong><\/p>\n","protected":false},"featured_media":1996,"comment_status":"open","ping_status":"closed","template":"","meta":[],"product_brand":[],"product_cat":[16],"product_tag":[34],"class_list":{"0":"post-1995","1":"product","2":"type-product","3":"status-publish","4":"has-post-thumbnail","6":"product_cat-arcane","7":"product_tag-boucles-oreilles","8":"pa_ambiance-baroque","9":"pa_ambiance-celtique","10":"pa_ambiance-elfique","11":"pa_ambiance-feerique","12":"pa_ambiance-mystique","13":"pa_ambiance-victorien","14":"pa_matiere-argent-925","15":"pa_matiere-inox","17":"first","18":"instock","19":"sold-individually","20":"shipping-taxable","21":"purchasable","22":"product-type-simple"},"translation":{"provider":"WPGlobus","version":"3.0.2","language":"en","enabled_languages":["fr","en"],"languages":{"fr":{"title":true,"content":true,"excerpt":true},"en":{"title":false,"content":false,"excerpt":false}}},"jetpack-related-posts":[],"jetpack_sharing_enabled":true,"_links":{"self":[{"href":"https:\/\/www.altisfain.com\/en\/wp-json\/wp\/v2\/product\/1995","targetHints":{"allow":["GET"]}}],"collection":[{"href":"https:\/\/www.altisfain.com\/en\/wp-json\/wp\/v2\/product"}],"about":[{"href":"https:\/\/www.altisfain.com\/en\/wp-json\/wp\/v2\/types\/product"}],"replies":[{"embeddable":true,"href":"https:\/\/www.altisfain.com\/en\/wp-json\/wp\/v2\/comments?post=1995"}],"wp:featuredmedia":[{"embeddable":true,"href":"https:\/\/www.altisfain.com\/en\/wp-json\/wp\/v2\/media\/1996"}],"wp:attachment":[{"href":"https:\/\/www.altisfain.com\/en\/wp-json\/wp\/v2\/media?parent=1995"}],"wp:term":[{"taxonomy":"product_brand","embeddable":true,"href":"https:\/\/www.altisfain.com\/en\/wp-json\/wp\/v2\/product_brand?post=1995"},{"taxonomy":"product_cat","embeddable":true,"href":"https:\/\/www.altisfain.com\/en\/wp-json\/wp\/v2\/product_cat?post=1995"},{"taxonomy":"product_tag","embeddable":true,"href":"https:\/\/www.altisfain.com\/en\/wp-json\/wp\/v2\/product_tag?post=1995"}],"curies":[{"name":"wp","href":"https:\/\/api.w.org\/{rel}","templated":true}]}}

<p style="text-align: center">&#8220;Chaque chose est une apparence. Et derrière chaque apparence se cachent ses arcanes: son essence réelle, sa vérité. La découvrir c&#8217;est la connaissance du monde. Le pouvoir.&#8221;<br />
Maxime Chattam.</p>
<p style="text-align: center">« Je suis le Chariot, je suis plein, plein de force. Rien n’est gaspillé: enraciné dans la planète, amant de toutes les énergies, c’est avec elle que je me meus<br />
Je suis la source de tous les guerriers, des champions, des héros, de toute endurance et de tout courage.<br />
Je suis la force d’action présente en chaque être vivant, le triomphe de la nature. »</p>
<p style="text-align: center"><strong><b>Boucles d&#8217;oreilles inox, soudées argent en 5 points, attaches américaine argent 925.<br />
Jeu d&#8217;entrelacs martelées et polies.<br />
Longueur de boucles: 8 cm<br />
Largeur: 3 cm.</b></strong></p>
<p style="text-align: center"><strong>Boucles d&#8217;oreilles infiniment elfiques!!</strong></p>
