{"id":1595,"date":"2018-06-21T19:14:57","date_gmt":"2018-06-21T17:14:57","guid":{"rendered":"http:\/\/www.altisfain.com\/?post_type=product&#038;p=1595"},"modified":"2018-11-26T16:17:29","modified_gmt":"2018-11-26T15:17:29","slug":"collier-conte-laiton-le-grand-serpent-de-mer-feuilles-orme","status":"publish","type":"product","link":"https:\/\/www.altisfain.com\/en\/boutique\/conte\/collier-conte-laiton-le-grand-serpent-de-mer-feuilles-orme\/","title":{"rendered":"Collier Conte laiton &#8220;Le Grand Serpent de Mer&#8221; feuilles orme"},"content":{"rendered":"<p style=\"text-align: center;\">&#8220;La vie ressemble \u00e0 un conte ; ce qui importe, ce n&#8217;est pas sa longueur, mais sa valeur.&#8221;<br \/>\nS\u00e9n\u00e8que.<\/p>\n<p style=\"text-align: center;\">&#8220;Le Grand Serpent de Mer&#8221; est un conte d&#8217; Andersen.<\/p>\n<p style=\"text-align: center;\"><strong>Collier laiton premier titre, bross\u00e9 et verni satin\u00e9. Torque asym\u00e9trique mall\u00e9able, s&#8217;adaptant \u00e0 toutes les anatomies.<br \/>\nTorque de 40 cm environ.<br \/>\nForme serpent, fil martel\u00e9 termin\u00e9 par une s\u00e9rie d&#8217;entrelacs soud\u00e9s argent qui entourent trois branches de feuilles d&#8217;orme martel\u00e9es main et form\u00e9es \u00e0 l&#8217;enclume.<br \/>\nSoudure argent en 15 points.<br \/>\nDimension des feuilles d&#8217; orme: 3 cm par 2 cm.<\/strong><\/p>\n<p style=\"text-align: center;\"><b>Collier \u00e9perdument elfique!!<\/b><\/p>\n","protected":false},"excerpt":{"rendered":"<p style=\"text-align: center;\"><strong>Collier torque laiton bross\u00e9 et verni satin asym\u00e9trique avec trois feuilles d&#8217; orme et entrelacs, esprit elfique et f\u00e9\u00e9rique.<\/strong><\/p>\n","protected":false},"featured_media":1596,"comment_status":"open","ping_status":"closed","template":"","meta":[],"product_brand":[],"product_cat":[29],"product_tag":[31,36],"class_list":{"0":"post-1595","1":"product","2":"type-product","3":"status-publish","4":"has-post-thumbnail","6":"product_cat-conte","7":"product_tag-collier","8":"product_tag-torque","9":"pa_ambiance-bucolique","10":"pa_ambiance-celtique","11":"pa_ambiance-elfique","12":"pa_ambiance-feerique","13":"pa_ambiance-vegetal","14":"pa_feuille-orme","15":"pa_matiere-laiton","17":"first","18":"instock","19":"sold-individually","20":"shipping-taxable","21":"purchasable","22":"product-type-simple"},"translation":{"provider":"WPGlobus","version":"3.0.2","language":"en","enabled_languages":["fr","en"],"languages":{"fr":{"title":true,"content":true,"excerpt":true},"en":{"title":false,"content":false,"excerpt":false}}},"jetpack-related-posts":[],"jetpack_sharing_enabled":true,"_links":{"self":[{"href":"https:\/\/www.altisfain.com\/en\/wp-json\/wp\/v2\/product\/1595","targetHints":{"allow":["GET"]}}],"collection":[{"href":"https:\/\/www.altisfain.com\/en\/wp-json\/wp\/v2\/product"}],"about":[{"href":"https:\/\/www.altisfain.com\/en\/wp-json\/wp\/v2\/types\/product"}],"replies":[{"embeddable":true,"href":"https:\/\/www.altisfain.com\/en\/wp-json\/wp\/v2\/comments?post=1595"}],"wp:featuredmedia":[{"embeddable":true,"href":"https:\/\/www.altisfain.com\/en\/wp-json\/wp\/v2\/media\/1596"}],"wp:attachment":[{"href":"https:\/\/www.altisfain.com\/en\/wp-json\/wp\/v2\/media?parent=1595"}],"wp:term":[{"taxonomy":"product_brand","embeddable":true,"href":"https:\/\/www.altisfain.com\/en\/wp-json\/wp\/v2\/product_brand?post=1595"},{"taxonomy":"product_cat","embeddable":true,"href":"https:\/\/www.altisfain.com\/en\/wp-json\/wp\/v2\/product_cat?post=1595"},{"taxonomy":"product_tag","embeddable":true,"href":"https:\/\/www.altisfain.com\/en\/wp-json\/wp\/v2\/product_tag?post=1595"}],"curies":[{"name":"wp","href":"https:\/\/api.w.org\/{rel}","templated":true}]}}

<p style="text-align: center;">&#8220;La vie ressemble à un conte ; ce qui importe, ce n&#8217;est pas sa longueur, mais sa valeur.&#8221;<br />
Sénèque.</p>
<p style="text-align: center;">&#8220;Le Grand Serpent de Mer&#8221; est un conte d&#8217; Andersen.</p>
<p style="text-align: center;"><strong>Collier laiton premier titre, brossé et verni satiné. Torque asymétrique malléable, s&#8217;adaptant à toutes les anatomies.<br />
Torque de 40 cm environ.<br />
Forme serpent, fil martelé terminé par une série d&#8217;entrelacs soudés argent qui entourent trois branches de feuilles d&#8217;orme martelées main et formées à l&#8217;enclume.<br />
Soudure argent en 15 points.<br />
Dimension des feuilles d&#8217; orme: 3 cm par 2 cm.</strong></p>
<p style="text-align: center;"><b>Collier éperdument elfique!!</b></p>

<p style="text-align: center;"><strong>Collier torque laiton brossé et verni satin asymétrique avec trois feuilles d&#8217; orme et entrelacs, esprit elfique et féérique.</strong></p>
